{"id":3354,"date":"2025-03-07T09:13:33","date_gmt":"2025-03-07T07:13:33","guid":{"rendered":"https:\/\/dn-agrar.eu\/?post_type=project&#038;p=3354"},"modified":"2025-10-16T17:01:05","modified_gmt":"2025-10-16T14:01:05","slug":"fabrica-de-compost","status":"publish","type":"project","link":"https:\/\/dn-agrar.eu\/ro\/project\/fabrica-de-compost\/","title":{"rendered":"Fabrica de compost"},"content":{"rendered":"\t\t<div data-elementor-type=\"container\" data-elementor-id=\"7387\" class=\"elementor elementor-7387 elementor-7376\" data-elementor-post-type=\"elementor_library\">\n\t\t\t\t<div class=\"elementor-element elementor-element-100da764 e-con-full e-flex e-con e-child\" data-id=\"100da764\" data-element_type=\"container\" data-e-type=\"container\" data-settings=\"{&quot;background_background&quot;:&quot;classic&quot;}\">\n\t\t<div class=\"elementor-element elementor-element-6f99f89b e-con-full e-flex e-con e-child\" data-id=\"6f99f89b\" data-element_type=\"container\" data-e-type=\"container\">\n\t\t\t\t<div class=\"elementor-element elementor-element-b1233cb elementor-widget elementor-widget-heading\" data-id=\"b1233cb\" data-element_type=\"widget\" data-e-type=\"widget\" data-widget_type=\"heading.default\">\n\t\t\t\t<div class=\"elementor-widget-container\">\n\t\t\t\t\t<h2 class=\"elementor-heading-title elementor-size-default\">Prin proiectul fabricii de compost, DN AGRAR gestioneaz\u0103 eficient gunoiul de grajd \u0219i cre\u0219te fertilitatea solului, contribuind totodat\u0103 activ la reducerea emisiilor de gaze cu efect de ser\u0103. Aceast\u0103 ini\u021biativ\u0103 demonstreaz\u0103 angajamentul DN AGRAR fa\u021b\u0103 de principiile agriculturii circulare, \u00een calitate de promotor al acesteia.<\/h2>\t\t\t\t<\/div>\n\t\t\t\t<\/div>\n\t\t\t\t<\/div>\n\t\t<div class=\"elementor-element elementor-element-45679123 e-con-full e-flex e-con e-child\" data-id=\"45679123\" data-element_type=\"container\" data-e-type=\"container\">\n\t\t<div class=\"elementor-element elementor-element-a1ef3e3 e-con-full e-flex e-con e-child\" data-id=\"a1ef3e3\" data-element_type=\"container\" data-e-type=\"container\">\n\t\t\t\t<div class=\"elementor-element elementor-element-612eb9f1 elementor-widget elementor-widget-heading\" data-id=\"612eb9f1\" data-element_type=\"widget\" data-e-type=\"widget\" data-widget_type=\"heading.default\">\n\t\t\t\t<div class=\"elementor-widget-container\">\n\t\t\t\t\t<h3 class=\"elementor-heading-title elementor-size-default\">DN AGRAR marcheaz\u0103 un nou pas c\u0103tre consolidarea modelului economic circular la nivel de Grup prin implementarea primei unit\u0103\u021bi automate de compostare a gunoiului de grajd \u00een ferma Apold.<\/h3>\t\t\t\t<\/div>\n\t\t\t\t<\/div>\n\t\t\t\t<div class=\"elementor-element elementor-element-38f8de49 elementor-widget elementor-widget-text-editor\" data-id=\"38f8de49\" data-element_type=\"widget\" data-e-type=\"widget\" data-widget_type=\"text-editor.default\">\n\t\t\t\t<div class=\"elementor-widget-container\">\n\t\t\t\t\t\t\t\t\t<div><p>\u00cen paralel cu demararea opera\u021biunilor, am ini\u021biat procesul de ob\u021binere a certific\u0103rii voluntare pentru carbon pentru compostul produs \u0219i p\u00e2n\u0103 la sf\u00e2r\u0219itul anului 2026 ne a\u0219tept\u0103m s\u0103 primim primele credite de carbon.<\/p><p>Proiectul integrat construit \u00een jurul fabricii de compost va genera beneficii economice semnificative, inclusiv venituri suplimentare din v\u00e2nz\u0103ri \u0219i din creditele de carbon ob\u021binute prin reducerea emisiilor de metan.<\/p><\/div>\t\t\t\t\t\t\t\t<\/div>\n\t\t\t\t<\/div>\n\t\t<div class=\"elementor-element elementor-element-4a3273e0 e-con-full e-flex e-con e-child\" data-id=\"4a3273e0\" data-element_type=\"container\" data-e-type=\"container\" data-settings=\"{&quot;background_background&quot;:&quot;classic&quot;}\">\n\t\t\t\t<div class=\"elementor-element elementor-element-3345240b elementor-widget elementor-widget-heading\" data-id=\"3345240b\" data-element_type=\"widget\" data-e-type=\"widget\" data-widget_type=\"heading.default\">\n\t\t\t\t<div class=\"elementor-widget-container\">\n\t\t\t\t\t<h3 class=\"elementor-heading-title elementor-size-default\"><b>Peter de Boer<\/b><br \/> CEO &amp; Membru al Consiliului de Administra\u021bie<BR \/>DN AGRAR Group<\/h3>\t\t\t\t<\/div>\n\t\t\t\t<\/div>\n\t\t\t\t<\/div>\n\t\t\t\t<\/div>\n\t\t<div class=\"elementor-element elementor-element-23ec60a4 e-con-full e-flex e-con e-child\" data-id=\"23ec60a4\" data-element_type=\"container\" data-e-type=\"container\" data-settings=\"{&quot;background_background&quot;:&quot;classic&quot;}\">\n\t\t\t\t<div class=\"elementor-element elementor-element-63e84714 elementor-widget elementor-widget-image\" data-id=\"63e84714\" data-element_type=\"widget\" data-e-type=\"widget\" data-widget_type=\"image.default\">\n\t\t\t\t<div class=\"elementor-widget-container\">\n\t\t\t\t\t\t\t\t\t\t\t\t\t\t\t<img fetchpriority=\"high\" decoding=\"async\" width=\"800\" height=\"613\" src=\"https:\/\/dn-agrar.eu\/wp-content\/uploads\/2025\/08\/PETER-CONTACT-1024x785.png\" class=\"attachment-large size-large wp-image-6955\" alt=\"\" srcset=\"https:\/\/dn-agrar.eu\/wp-content\/uploads\/2025\/08\/PETER-CONTACT-1024x785.png 1024w, https:\/\/dn-agrar.eu\/wp-content\/uploads\/2025\/08\/PETER-CONTACT-300x230.png 300w, https:\/\/dn-agrar.eu\/wp-content\/uploads\/2025\/08\/PETER-CONTACT-768x589.png 768w, https:\/\/dn-agrar.eu\/wp-content\/uploads\/2025\/08\/PETER-CONTACT-1536x1178.png 1536w, https:\/\/dn-agrar.eu\/wp-content\/uploads\/2025\/08\/PETER-CONTACT-2048x1571.png 2048w\" sizes=\"(max-width: 800px) 100vw, 800px\" \/>\t\t\t\t\t\t\t\t\t\t\t\t\t\t\t<\/div>\n\t\t\t\t<\/div>\n\t\t\t\t<\/div>\n\t\t\t\t<\/div>\n\t\t<div class=\"elementor-element elementor-element-356f8fb0 e-con-full e-flex e-con e-child\" data-id=\"356f8fb0\" data-element_type=\"container\" data-e-type=\"container\" data-settings=\"{&quot;background_background&quot;:&quot;gradient&quot;}\">\n\t\t<div class=\"elementor-element elementor-element-4164c22c e-con-full e-flex e-con e-child\" data-id=\"4164c22c\" data-element_type=\"container\" data-e-type=\"container\">\n\t\t\t\t<div class=\"elementor-element elementor-element-7e2c48e4 elementor-widget elementor-widget-text-editor\" data-id=\"7e2c48e4\" data-element_type=\"widget\" data-e-type=\"widget\" data-widget_type=\"text-editor.default\">\n\t\t\t\t<div class=\"elementor-widget-container\">\n\t\t\t\t\t\t\t\t\t<div><div><div><div>DN AGRAR \u00ee\u0219i propune, prin fabrica de compost, s\u0103 <span style=\"color: #ffff00;\"><strong>transforme \u00eengr\u0103\u0219\u0103mintele organice produse \u00eentr-o resurs\u0103 valoroas\u0103 care s\u0103 acopere nevoile interne ale Grupului<\/strong><\/span>, \u0219i s\u0103 <span style=\"color: #ffff00;\"><strong>genereze venituri suplimentare prin v\u00e2nzarea c\u0103tre crame \u0219i produc\u0103tori de legume<\/strong><\/span>, at\u00e2t din Rom\u00e2nia, c\u00e2t \u0219i din str\u0103in\u0103tate.<\/div><\/div><\/div><\/div>\t\t\t\t\t\t\t\t<\/div>\n\t\t\t\t<\/div>\n\t\t\t\t<\/div>\n\t\t<div class=\"elementor-element elementor-element-3eb47ad5 e-con-full e-flex e-con e-child\" data-id=\"3eb47ad5\" data-element_type=\"container\" data-e-type=\"container\">\n\t\t\t\t<div class=\"elementor-element elementor-element-5ef369d7 elementor-widget elementor-widget-text-editor\" data-id=\"5ef369d7\" data-element_type=\"widget\" data-e-type=\"widget\" data-widget_type=\"text-editor.default\">\n\t\t\t\t<div class=\"elementor-widget-container\">\n\t\t\t\t\t\t\t\t\t<div><div><div>Valorificarea gunoiului de grajd prin produc\u021bia de compost va aduce eficien\u021b\u0103 opera\u021bional\u0103, reduc\u00e2nd semnificativ costurile asociate transportului \u0219i gestion\u0103rii de\u0219eurilor. Aceste investi\u021bii ne vor ajuta, de asemenea, s\u0103 anticip\u0103m viitoarele modific\u0103ri legislative privind agricultura circular\u0103, pe care le sus\u021binem pe deplin.<\/div><\/div><\/div>\t\t\t\t\t\t\t\t<\/div>\n\t\t\t\t<\/div>\n\t\t\t\t<\/div>\n\t\t\t\t<\/div>\n\t\t<div class=\"elementor-element elementor-element-4c8294 e-con-full e-flex e-con e-child\" data-id=\"4c8294\" data-element_type=\"container\" data-e-type=\"container\">\n\t\t<div class=\"elementor-element elementor-element-337b30ef e-con-full e-flex e-con e-child\" data-id=\"337b30ef\" data-element_type=\"container\" data-e-type=\"container\">\n\t\t\t\t<div class=\"elementor-element elementor-element-7eac8b6e elementor-widget elementor-widget-text-editor\" data-id=\"7eac8b6e\" data-element_type=\"widget\" data-e-type=\"widget\" data-widget_type=\"text-editor.default\">\n\t\t\t\t<div class=\"elementor-widget-container\">\n\t\t\t\t\t\t\t\t\t<div><div><p>Decizia DN AGRAR de a dezvolta produc\u021bia de compost printr-o unitate de compostare situat\u0103 \u00een apropierea fermei Apold este considerat\u0103 <span style=\"color: #ea7c1a;\"><strong>un prim pas crucial<\/strong><\/span>. Succesul acestei prime fabrici de compost este esen\u021bial pentru extinderea unor astfel de facilit\u0103\u021bi \u00een celelalte ferme ale grupului.<\/p><p>Aceast\u0103 ini\u021biativ\u0103 a DN AGRAR de a dezvolta unit\u0103\u021bi de compostare a gunoiului de grajd \u00een apropierea tuturor fermelor sale <span style=\"color: #ea7c1a;\"><strong>va contribui, de asemenea, la dezvoltarea unor noi linii de afaceri.<\/strong><\/span><\/p><\/div><\/div>\t\t\t\t\t\t\t\t<\/div>\n\t\t\t\t<\/div>\n\t\t\t\t<\/div>\n\t\t<div class=\"elementor-element elementor-element-5e76f17c e-con-full e-flex e-con e-child\" data-id=\"5e76f17c\" data-element_type=\"container\" data-e-type=\"container\">\n\t\t\t\t<div class=\"elementor-element elementor-element-7f8439f8 elementor-widget elementor-widget-image\" data-id=\"7f8439f8\" data-element_type=\"widget\" data-e-type=\"widget\" data-widget_type=\"image.default\">\n\t\t\t\t<div class=\"elementor-widget-container\">\n\t\t\t\t\t\t\t\t\t\t\t\t\t\t\t<img decoding=\"async\" width=\"800\" height=\"463\" src=\"https:\/\/dn-agrar.eu\/wp-content\/uploads\/2025\/08\/COMPOST-1024x592.png\" class=\"attachment-large size-large wp-image-7372\" alt=\"\" srcset=\"https:\/\/dn-agrar.eu\/wp-content\/uploads\/2025\/08\/COMPOST-1024x592.png 1024w, https:\/\/dn-agrar.eu\/wp-content\/uploads\/2025\/08\/COMPOST-300x174.png 300w, https:\/\/dn-agrar.eu\/wp-content\/uploads\/2025\/08\/COMPOST-768x444.png 768w, https:\/\/dn-agrar.eu\/wp-content\/uploads\/2025\/08\/COMPOST-1536x889.png 1536w, https:\/\/dn-agrar.eu\/wp-content\/uploads\/2025\/08\/COMPOST-2048x1185.png 2048w\" sizes=\"(max-width: 800px) 100vw, 800px\" \/>\t\t\t\t\t\t\t\t\t\t\t\t\t\t\t<\/div>\n\t\t\t\t<\/div>\n\t\t\t\t<\/div>\n\t\t\t\t<\/div>\n\t\t<div class=\"elementor-element elementor-element-892e152 e-con-full e-flex e-con e-child\" data-id=\"892e152\" data-element_type=\"container\" data-e-type=\"container\">\n\t\t<div class=\"elementor-element elementor-element-8b74290 e-con-full e-flex e-con e-child\" data-id=\"8b74290\" data-element_type=\"container\" data-e-type=\"container\" data-settings=\"{&quot;background_background&quot;:&quot;gradient&quot;}\">\n\t\t<div class=\"elementor-element elementor-element-3eaee5e e-con-full e-flex e-con e-child\" data-id=\"3eaee5e\" data-element_type=\"container\" data-e-type=\"container\">\n\t\t\t\t<div class=\"elementor-element elementor-element-29dbebe elementor-widget elementor-widget-text-editor\" data-id=\"29dbebe\" data-element_type=\"widget\" data-e-type=\"widget\" data-widget_type=\"text-editor.default\">\n\t\t\t\t<div class=\"elementor-widget-container\">\n\t\t\t\t\t\t\t\t\t<p>De la gunoi de grajd la compost organic.<\/p><p>Procesul de compostare de la ferma DN AGRAR Apold<\/p>\t\t\t\t\t\t\t\t<\/div>\n\t\t\t\t<\/div>\n\t\t\t\t<div class=\"elementor-element elementor-element-deb6992 elementor-widget elementor-widget-video\" data-id=\"deb6992\" data-element_type=\"widget\" data-e-type=\"widget\" data-settings=\"{&quot;youtube_url&quot;:&quot;https:\\\/\\\/www.youtube.com\\\/watch?v=_9eYuYOBIt8&quot;,&quot;video_type&quot;:&quot;youtube&quot;,&quot;controls&quot;:&quot;yes&quot;}\" data-widget_type=\"video.default\">\n\t\t\t\t<div class=\"elementor-widget-container\">\n\t\t\t\t\t\t\t<div class=\"elementor-wrapper elementor-open-inline\">\n\t\t\t<div class=\"elementor-video\"><\/div>\t\t<\/div>\n\t\t\t\t\t\t<\/div>\n\t\t\t\t<\/div>\n\t\t\t\t<\/div>\n\t\t\t\t<\/div>\n\t\t\t\t<\/div>\n\t\t\t\t<\/div>\n\t\t\t\t<\/div>\n\t\t\n","protected":false},"excerpt":{"rendered":"<p>Prin proiectul fabricii de compost, DN AGRAR gestioneaz\u0103 eficient gunoiul de grajd \u0219i cre\u0219te fertilitatea solului, contribuind activ la reducerea emisiilor de gaze cu efect de ser\u0103. Aceast\u0103 ini\u021biativ\u0103 demonstreaz\u0103 angajamentul DN AGRAR fa\u021b\u0103 de principiile agriculturii circulare, \u00een calitate de promotor al acesteia.<\/p>\n","protected":false},"featured_media":6452,"template":"","tags":[94],"class_list":["post-3354","project","type-project","status-publish","has-post-thumbnail","hentry","tag-compost-ro"],"acf":[],"_links":{"self":[{"href":"https:\/\/dn-agrar.eu\/ro\/wp-json\/wp\/v2\/project\/3354","targetHints":{"allow":["GET"]}}],"collection":[{"href":"https:\/\/dn-agrar.eu\/ro\/wp-json\/wp\/v2\/project"}],"about":[{"href":"https:\/\/dn-agrar.eu\/ro\/wp-json\/wp\/v2\/types\/project"}],"wp:featuredmedia":[{"embeddable":true,"href":"https:\/\/dn-agrar.eu\/ro\/wp-json\/wp\/v2\/media\/6452"}],"wp:attachment":[{"href":"https:\/\/dn-agrar.eu\/ro\/wp-json\/wp\/v2\/media?parent=3354"}],"wp:term":[{"taxonomy":"post_tag","embeddable":true,"href":"https:\/\/dn-agrar.eu\/ro\/wp-json\/wp\/v2\/tags?post=3354"}],"curies":[{"name":"wp","href":"https:\/\/api.w.org\/{rel}","templated":true}]}}

<div data-elementor-type="container" data-elementor-id="7387" class="elementor elementor-7387 elementor-7376" data-elementor-post-type="elementor_library">
				<div class="elementor-element elementor-element-100da764 e-con-full e-flex e-con e-child" data-id="100da764" data-element_type="container" data-e-type="container" data-settings="{&quot;background_background&quot;:&quot;classic&quot;}">
		<div class="elementor-element elementor-element-6f99f89b e-con-full e-flex e-con e-child" data-id="6f99f89b" data-element_type="container" data-e-type="container">
				<div class="elementor-element elementor-element-b1233cb elementor-widget elementor-widget-heading" data-id="b1233cb" data-element_type="widget" data-e-type="widget" data-widget_type="heading.default">
				<div class="elementor-widget-container">
					<h2 class="elementor-heading-title elementor-size-default">Prin proiectul fabricii de compost, DN AGRAR gestionează eficient gunoiul de grajd și crește fertilitatea solului, contribuind totodată activ la reducerea emisiilor de gaze cu efect de seră. Această inițiativă demonstrează angajamentul DN AGRAR față de principiile agriculturii circulare, în calitate de promotor al acesteia.</h2>				</div>
				</div>
				</div>
		<div class="elementor-element elementor-element-45679123 e-con-full e-flex e-con e-child" data-id="45679123" data-element_type="container" data-e-type="container">
		<div class="elementor-element elementor-element-a1ef3e3 e-con-full e-flex e-con e-child" data-id="a1ef3e3" data-element_type="container" data-e-type="container">
				<div class="elementor-element elementor-element-612eb9f1 elementor-widget elementor-widget-heading" data-id="612eb9f1" data-element_type="widget" data-e-type="widget" data-widget_type="heading.default">
				<div class="elementor-widget-container">
					<h3 class="elementor-heading-title elementor-size-default">DN AGRAR marchează un nou pas către consolidarea modelului economic circular la nivel de Grup prin implementarea primei unități automate de compostare a gunoiului de grajd în ferma Apold.</h3>				</div>
				</div>
				<div class="elementor-element elementor-element-38f8de49 elementor-widget elementor-widget-text-editor" data-id="38f8de49" data-element_type="widget" data-e-type="widget" data-widget_type="text-editor.default">
				<div class="elementor-widget-container">
									<div><p>În paralel cu demararea operațiunilor, am inițiat procesul de obținere a certificării voluntare pentru carbon pentru compostul produs și până la sfârșitul anului 2026 ne așteptăm să primim primele credite de carbon.</p><p>Proiectul integrat construit în jurul fabricii de compost va genera beneficii economice semnificative, inclusiv venituri suplimentare din vânzări și din creditele de carbon obținute prin reducerea emisiilor de metan.</p></div>								</div>
				</div>
		<div class="elementor-element elementor-element-4a3273e0 e-con-full e-flex e-con e-child" data-id="4a3273e0" data-element_type="container" data-e-type="container" data-settings="{&quot;background_background&quot;:&quot;classic&quot;}">
				<div class="elementor-element elementor-element-3345240b elementor-widget elementor-widget-heading" data-id="3345240b" data-element_type="widget" data-e-type="widget" data-widget_type="heading.default">
				<div class="elementor-widget-container">
					<h3 class="elementor-heading-title elementor-size-default"><b>Peter de Boer</b><br /> CEO &amp; Membru al Consiliului de Administrație<BR />DN AGRAR Group</h3>				</div>
				</div>
				</div>
				</div>
		<div class="elementor-element elementor-element-23ec60a4 e-con-full e-flex e-con e-child" data-id="23ec60a4" data-element_type="container" data-e-type="container" data-settings="{&quot;background_background&quot;:&quot;classic&quot;}">
				<div class="elementor-element elementor-element-63e84714 elementor-widget elementor-widget-image" data-id="63e84714" data-element_type="widget" data-e-type="widget" data-widget_type="image.default">
				<div class="elementor-widget-container">
															<img fetchpriority="high" decoding="async" width="800" height="613" src="https://dn-agrar.eu/wp-content/uploads/2025/08/PETER-CONTACT-1024x785.png" class="attachment-large size-large wp-image-6955" alt="" srcset="https://dn-agrar.eu/wp-content/uploads/2025/08/PETER-CONTACT-1024x785.png 1024w, https://dn-agrar.eu/wp-content/uploads/2025/08/PETER-CONTACT-300x230.png 300w, https://dn-agrar.eu/wp-content/uploads/2025/08/PETER-CONTACT-768x589.png 768w, https://dn-agrar.eu/wp-content/uploads/2025/08/PETER-CONTACT-1536x1178.png 1536w, https://dn-agrar.eu/wp-content/uploads/2025/08/PETER-CONTACT-2048x1571.png 2048w" sizes="(max-width: 800px) 100vw, 800px" />															</div>
				</div>
				</div>
				</div>
		<div class="elementor-element elementor-element-356f8fb0 e-con-full e-flex e-con e-child" data-id="356f8fb0" data-element_type="container" data-e-type="container" data-settings="{&quot;background_background&quot;:&quot;gradient&quot;}">
		<div class="elementor-element elementor-element-4164c22c e-con-full e-flex e-con e-child" data-id="4164c22c" data-element_type="container" data-e-type="container">
				<div class="elementor-element elementor-element-7e2c48e4 elementor-widget elementor-widget-text-editor" data-id="7e2c48e4" data-element_type="widget" data-e-type="widget" data-widget_type="text-editor.default">
				<div class="elementor-widget-container">
									<div><div><div><div>DN AGRAR își propune, prin fabrica de compost, să <span style="color: #ffff00;"><strong>transforme îngrășămintele organice produse într-o resursă valoroasă care să acopere nevoile interne ale Grupului</strong></span>, și să <span style="color: #ffff00;"><strong>genereze venituri suplimentare prin vânzarea către crame și producători de legume</strong></span>, atât din România, cât și din străinătate.</div></div></div></div>								</div>
				</div>
				</div>
		<div class="elementor-element elementor-element-3eb47ad5 e-con-full e-flex e-con e-child" data-id="3eb47ad5" data-element_type="container" data-e-type="container">
				<div class="elementor-element elementor-element-5ef369d7 elementor-widget elementor-widget-text-editor" data-id="5ef369d7" data-element_type="widget" data-e-type="widget" data-widget_type="text-editor.default">
				<div class="elementor-widget-container">
									<div><div><div>Valorificarea gunoiului de grajd prin producția de compost va aduce eficiență operațională, reducând semnificativ costurile asociate transportului și gestionării deșeurilor. Aceste investiții ne vor ajuta, de asemenea, să anticipăm viitoarele modificări legislative privind agricultura circulară, pe care le susținem pe deplin.</div></div></div>								</div>
				</div>
				</div>
				</div>
		<div class="elementor-element elementor-element-4c8294 e-con-full e-flex e-con e-child" data-id="4c8294" data-element_type="container" data-e-type="container">
		<div class="elementor-element elementor-element-337b30ef e-con-full e-flex e-con e-child" data-id="337b30ef" data-element_type="container" data-e-type="container">
				<div class="elementor-element elementor-element-7eac8b6e elementor-widget elementor-widget-text-editor" data-id="7eac8b6e" data-element_type="widget" data-e-type="widget" data-widget_type="text-editor.default">
				<div class="elementor-widget-container">
									<div><div><p>Decizia DN AGRAR de a dezvolta producția de compost printr-o unitate de compostare situată în apropierea fermei Apold este considerată <span style="color: #ea7c1a;"><strong>un prim pas crucial</strong></span>. Succesul acestei prime fabrici de compost este esențial pentru extinderea unor astfel de facilități în celelalte ferme ale grupului.</p><p>Această inițiativă a DN AGRAR de a dezvolta unități de compostare a gunoiului de grajd în apropierea tuturor fermelor sale <span style="color: #ea7c1a;"><strong>va contribui, de asemenea, la dezvoltarea unor noi linii de afaceri.</strong></span></p></div></div>								</div>
				</div>
				</div>
		<div class="elementor-element elementor-element-5e76f17c e-con-full e-flex e-con e-child" data-id="5e76f17c" data-element_type="container" data-e-type="container">
				<div class="elementor-element elementor-element-7f8439f8 elementor-widget elementor-widget-image" data-id="7f8439f8" data-element_type="widget" data-e-type="widget" data-widget_type="image.default">
				<div class="elementor-widget-container">
															<img decoding="async" width="800" height="463" src="https://dn-agrar.eu/wp-content/uploads/2025/08/COMPOST-1024x592.png" class="attachment-large size-large wp-image-7372" alt="" srcset="https://dn-agrar.eu/wp-content/uploads/2025/08/COMPOST-1024x592.png 1024w, https://dn-agrar.eu/wp-content/uploads/2025/08/COMPOST-300x174.png 300w, https://dn-agrar.eu/wp-content/uploads/2025/08/COMPOST-768x444.png 768w, https://dn-agrar.eu/wp-content/uploads/2025/08/COMPOST-1536x889.png 1536w, https://dn-agrar.eu/wp-content/uploads/2025/08/COMPOST-2048x1185.png 2048w" sizes="(max-width: 800px) 100vw, 800px" />															</div>
				</div>
				</div>
				</div>
		<div class="elementor-element elementor-element-892e152 e-con-full e-flex e-con e-child" data-id="892e152" data-element_type="container" data-e-type="container">
		<div class="elementor-element elementor-element-8b74290 e-con-full e-flex e-con e-child" data-id="8b74290" data-element_type="container" data-e-type="container" data-settings="{&quot;background_background&quot;:&quot;gradient&quot;}">
		<div class="elementor-element elementor-element-3eaee5e e-con-full e-flex e-con e-child" data-id="3eaee5e" data-element_type="container" data-e-type="container">
				<div class="elementor-element elementor-element-29dbebe elementor-widget elementor-widget-text-editor" data-id="29dbebe" data-element_type="widget" data-e-type="widget" data-widget_type="text-editor.default">
				<div class="elementor-widget-container">
									<p>De la gunoi de grajd la compost organic.</p><p>Procesul de compostare de la ferma DN AGRAR Apold</p>								</div>
				</div>
				<div class="elementor-element elementor-element-deb6992 elementor-widget elementor-widget-video" data-id="deb6992" data-element_type="widget" data-e-type="widget" data-settings="{&quot;youtube_url&quot;:&quot;https:\/\/www.youtube.com\/watch?v=_9eYuYOBIt8&quot;,&quot;video_type&quot;:&quot;youtube&quot;,&quot;controls&quot;:&quot;yes&quot;}" data-widget_type="video.default">
				<div class="elementor-widget-container">
							<div class="elementor-wrapper elementor-open-inline">
			<div class="elementor-video"></div>		</div>
						</div>
				</div>
				</div>
				</div>
				</div>
				</div>
				</div>

<p>Prin proiectul fabricii de compost, DN AGRAR gestionează eficient gunoiul de grajd și crește fertilitatea solului, contribuind activ la reducerea emisiilor de gaze cu efect de seră. Această inițiativă demonstrează angajamentul DN AGRAR față de principiile agriculturii circulare, în calitate de promotor al acesteia.</p>
