{"id":10669,"date":"2026-03-25T18:00:51","date_gmt":"2026-03-25T16:00:51","guid":{"rendered":"https:\/\/dn-agrar.eu\/?post_type=agm&#038;p=10669"},"modified":"2026-04-29T08:30:06","modified_gmt":"2026-04-29T05:30:06","slug":"adunarea-generala-anuala-ordinara-a-actionarilor-dn-agrar-group-sa-din-28-29-04-2026","status":"publish","type":"agm","link":"https:\/\/dn-agrar.eu\/ro\/agm\/adunarea-generala-anuala-ordinara-a-actionarilor-dn-agrar-group-sa-din-28-29-04-2026\/","title":{"rendered":"Adunarea General\u0103 Anual\u0103 Ordinar\u0103 a Ac\u021bionarilor DN AGRAR Group SA, din 28\/29.04.2026"},"content":{"rendered":"<p><a href=\"https:\/\/youtu.be\/zyIAi6U2KQs\">VIDEO &#8211; \u00cenregistrare discu\u021bii online AGOA din 28.04.2026<\/a><\/p>\n","protected":false},"template":"","agm-year":[65],"class_list":["post-10669","agm","type-agm","status-publish","has-post-thumbnail","hentry","agm-year-65"],"acf":[],"_links":{"self":[{"href":"https:\/\/dn-agrar.eu\/ro\/wp-json\/wp\/v2\/agm\/10669","targetHints":{"allow":["GET"]}}],"collection":[{"href":"https:\/\/dn-agrar.eu\/ro\/wp-json\/wp\/v2\/agm"}],"about":[{"href":"https:\/\/dn-agrar.eu\/ro\/wp-json\/wp\/v2\/types\/agm"}],"wp:featuredmedia":[{"embeddable":true,"href":"https:\/\/dn-agrar.eu\/ro\/wp-json\/wp\/v2\/media\/441"}],"wp:attachment":[{"href":"https:\/\/dn-agrar.eu\/ro\/wp-json\/wp\/v2\/media?parent=10669"}],"wp:term":[{"taxonomy":"agm-year","embeddable":true,"href":"https:\/\/dn-agrar.eu\/ro\/wp-json\/wp\/v2\/agm-year?post=10669"}],"curies":[{"name":"wp","href":"https:\/\/api.w.org\/{rel}","templated":true}]}}

Adunarea Generală Anuală Ordinară a Acționarilor DN AGRAR Group SA, din 28/29.04.2026

<p><a href="https://youtu.be/zyIAi6U2KQs">VIDEO &#8211; Înregistrare discuții online AGOA din 28.04.2026</a></p>
